{"id":12,"date":"2021-09-06T08:45:19","date_gmt":"2021-09-06T06:45:19","guid":{"rendered":"https:\/\/ensigndev.no\/jatunbakken\/?page_id=12"},"modified":"2026-04-29T07:04:56","modified_gmt":"2026-04-29T05:04:56","slug":"salgsdokumenter","status":"publish","type":"page","link":"https:\/\/jatunbakken.no\/rekkehus\/salgsdokumenter\/","title":{"rendered":"Dokumenter"},"content":{"rendered":"","protected":false},"excerpt":{"rendered":"","protected":false},"author":1,"featured_media":0,"parent":0,"menu_order":0,"comment_status":"closed","ping_status":"closed","template":"page-dokumenter.php","meta":{"_eb_attr":"","footnotes":""},"class_list":["post-12","page","type-page","status-publish","hentry"],"acf":{"dokumenter":[{"dokument":{"title":"Prospekt","url":"https:\/\/jatunbakken.no\/rekkehus\/wp-content\/uploads\/2026\/04\/Jatunbakken_prospekt_280426-1.pdf","target":""}},{"dokument":{"title":"Prisliste","url":"https:\/\/jatunbakken.no\/rekkehus\/wp-content\/uploads\/2026\/03\/Jatunbakken_rekkehus_prisliste_12-03-2026-1.pdf","target":""}},{"dokument":{"title":"Kj\u00f8petilbud","url":"https:\/\/jatunbakken.no\/rekkehus\/wp-content\/uploads\/2024\/03\/Budskjema-1.pdf","target":""}}],"background_3d":{"ID":5635,"id":5635,"title":"e049e_ensign_jatunbakken4_3rd_building_EXT03__web","filename":"e049e_ensign_jatunbakken4_3rd_building_EXT03__web.jpg","filesize":1731225,"url":"https:\/\/jatunbakken.no\/rekkehus\/wp-content\/uploads\/2024\/03\/e049e_ensign_jatunbakken4_3rd_building_EXT03__web.jpg","link":"https:\/\/jatunbakken.no\/rekkehus\/hjem\/e049e_ensign_jatunbakken4_3rd_building_ext03__web\/","alt":"","author":"6","description":"","caption":"3D-illustrasjonen kan vise elementer og materialer som ikke er en del av standardleveransen. Avvik kan forekomme i fasadeuttrykk og uteomr\u00e5de, se egen utomhusplan.","name":"e049e_ensign_jatunbakken4_3rd_building_ext03__web","status":"inherit","uploaded_to":1874,"date":"2024-03-15 07:58:10","modified":"2024-03-15 09:23:11","menu_order":0,"mime_type":"image\/jpeg","type":"image","subtype":"jpeg","icon":"https:\/\/jatunbakken.no\/rekkehus\/wp-includes\/images\/media\/default.png","width":1800,"height":1200,"sizes":{"thumbnail":"https:\/\/jatunbakken.no\/rekkehus\/wp-content\/uploads\/2024\/03\/e049e_ensign_jatunbakken4_3rd_building_EXT03__web-150x150.jpg","thumbnail-width":150,"thumbnail-height":150,"medium":"https:\/\/jatunbakken.no\/rekkehus\/wp-content\/uploads\/2024\/03\/e049e_ensign_jatunbakken4_3rd_building_EXT03__web-300x200.jpg","medium-width":300,"medium-height":200,"medium_large":"https:\/\/jatunbakken.no\/rekkehus\/wp-content\/uploads\/2024\/03\/e049e_ensign_jatunbakken4_3rd_building_EXT03__web-768x512.jpg","medium_large-width":640,"medium_large-height":427,"large":"https:\/\/jatunbakken.no\/rekkehus\/wp-content\/uploads\/2024\/03\/e049e_ensign_jatunbakken4_3rd_building_EXT03__web-1024x683.jpg","large-width":640,"large-height":427,"1536x1536":"https:\/\/jatunbakken.no\/rekkehus\/wp-content\/uploads\/2024\/03\/e049e_ensign_jatunbakken4_3rd_building_EXT03__web-1536x1024.jpg","1536x1536-width":1536,"1536x1536-height":1024,"2048x2048":"https:\/\/jatunbakken.no\/rekkehus\/wp-content\/uploads\/2024\/03\/e049e_ensign_jatunbakken4_3rd_building_EXT03__web.jpg","2048x2048-width":1800,"2048x2048-height":1200}}},"yoast_head":"<!-- This site is optimized with the Yoast SEO plugin v27.5 - https:\/\/yoast.com\/product\/yoast-seo-wordpress\/ -->\n<title>Dokumenter - J\u00e5tunbakken<\/title>\n<meta name=\"robots\" content=\"index, follow, max-snippet:-1, max-image-preview:large, max-video-preview:-1\" \/>\n<link rel=\"canonical\" href=\"https:\/\/jatunbakken.no\/rekkehus\/salgsdokumenter\/\" \/>\n<meta property=\"og:locale\" content=\"nb_NO\" \/>\n<meta property=\"og:type\" content=\"article\" \/>\n<meta property=\"og:title\" content=\"Dokumenter - J\u00e5tunbakken\" \/>\n<meta property=\"og:url\" content=\"https:\/\/jatunbakken.no\/rekkehus\/salgsdokumenter\/\" \/>\n<meta property=\"og:site_name\" content=\"J\u00e5tunbakken\" \/>\n<meta property=\"article:modified_time\" content=\"2026-04-29T05:04:56+00:00\" \/>\n<meta name=\"twitter:card\" content=\"summary_large_image\" \/>\n<script type=\"application\/ld+json\" class=\"yoast-schema-graph\">{\"@context\":\"https:\\\/\\\/schema.org\",\"@graph\":[{\"@type\":\"WebPage\",\"@id\":\"https:\\\/\\\/jatunbakken.no\\\/rekkehus\\\/salgsdokumenter\\\/\",\"url\":\"https:\\\/\\\/jatunbakken.no\\\/rekkehus\\\/salgsdokumenter\\\/\",\"name\":\"Dokumenter - J\u00e5tunbakken\",\"isPartOf\":{\"@id\":\"https:\\\/\\\/jatunbakken.no\\\/rekkehus\\\/#website\"},\"datePublished\":\"2021-09-06T06:45:19+00:00\",\"dateModified\":\"2026-04-29T05:04:56+00:00\",\"breadcrumb\":{\"@id\":\"https:\\\/\\\/jatunbakken.no\\\/rekkehus\\\/salgsdokumenter\\\/#breadcrumb\"},\"inLanguage\":\"nb-NO\",\"potentialAction\":[{\"@type\":\"ReadAction\",\"target\":[\"https:\\\/\\\/jatunbakken.no\\\/rekkehus\\\/salgsdokumenter\\\/\"]}]},{\"@type\":\"BreadcrumbList\",\"@id\":\"https:\\\/\\\/jatunbakken.no\\\/rekkehus\\\/salgsdokumenter\\\/#breadcrumb\",\"itemListElement\":[{\"@type\":\"ListItem\",\"position\":1,\"name\":\"Hjem\",\"item\":\"https:\\\/\\\/jatunbakken.no\\\/rekkehus\\\/\"},{\"@type\":\"ListItem\",\"position\":2,\"name\":\"Dokumenter\"}]},{\"@type\":\"WebSite\",\"@id\":\"https:\\\/\\\/jatunbakken.no\\\/rekkehus\\\/#website\",\"url\":\"https:\\\/\\\/jatunbakken.no\\\/rekkehus\\\/\",\"name\":\"J\u00e5tunbakken\",\"description\":\"Rekkehus p\u00e5 J\u00e5tt\u00e5\",\"publisher\":{\"@id\":\"https:\\\/\\\/jatunbakken.no\\\/rekkehus\\\/#organization\"},\"potentialAction\":[{\"@type\":\"SearchAction\",\"target\":{\"@type\":\"EntryPoint\",\"urlTemplate\":\"https:\\\/\\\/jatunbakken.no\\\/rekkehus\\\/?s={search_term_string}\"},\"query-input\":{\"@type\":\"PropertyValueSpecification\",\"valueRequired\":true,\"valueName\":\"search_term_string\"}}],\"inLanguage\":\"nb-NO\"},{\"@type\":\"Organization\",\"@id\":\"https:\\\/\\\/jatunbakken.no\\\/rekkehus\\\/#organization\",\"name\":\"J\u00e5tunbakken\",\"url\":\"https:\\\/\\\/jatunbakken.no\\\/rekkehus\\\/\",\"logo\":{\"@type\":\"ImageObject\",\"inLanguage\":\"nb-NO\",\"@id\":\"https:\\\/\\\/jatunbakken.no\\\/rekkehus\\\/#\\\/schema\\\/logo\\\/image\\\/\",\"url\":\"https:\\\/\\\/jatunbakken.no\\\/rekkehus\\\/wp-content\\\/uploads\\\/2024\\\/02\\\/logo-white.svg\",\"contentUrl\":\"https:\\\/\\\/jatunbakken.no\\\/rekkehus\\\/wp-content\\\/uploads\\\/2024\\\/02\\\/logo-white.svg\",\"width\":1467,\"height\":837,\"caption\":\"J\u00e5tunbakken\"},\"image\":{\"@id\":\"https:\\\/\\\/jatunbakken.no\\\/rekkehus\\\/#\\\/schema\\\/logo\\\/image\\\/\"}}]}<\/script>\n<!-- \/ Yoast SEO plugin. -->","yoast_head_json":{"title":"Dokumenter - J\u00e5tunbakken","robots":{"index":"index","follow":"follow","max-snippet":"max-snippet:-1","max-image-preview":"max-image-preview:large","max-video-preview":"max-video-preview:-1"},"canonical":"https:\/\/jatunbakken.no\/rekkehus\/salgsdokumenter\/","og_locale":"nb_NO","og_type":"article","og_title":"Dokumenter - J\u00e5tunbakken","og_url":"https:\/\/jatunbakken.no\/rekkehus\/salgsdokumenter\/","og_site_name":"J\u00e5tunbakken","article_modified_time":"2026-04-29T05:04:56+00:00","twitter_card":"summary_large_image","schema":{"@context":"https:\/\/schema.org","@graph":[{"@type":"WebPage","@id":"https:\/\/jatunbakken.no\/rekkehus\/salgsdokumenter\/","url":"https:\/\/jatunbakken.no\/rekkehus\/salgsdokumenter\/","name":"Dokumenter - J\u00e5tunbakken","isPartOf":{"@id":"https:\/\/jatunbakken.no\/rekkehus\/#website"},"datePublished":"2021-09-06T06:45:19+00:00","dateModified":"2026-04-29T05:04:56+00:00","breadcrumb":{"@id":"https:\/\/jatunbakken.no\/rekkehus\/salgsdokumenter\/#breadcrumb"},"inLanguage":"nb-NO","potentialAction":[{"@type":"ReadAction","target":["https:\/\/jatunbakken.no\/rekkehus\/salgsdokumenter\/"]}]},{"@type":"BreadcrumbList","@id":"https:\/\/jatunbakken.no\/rekkehus\/salgsdokumenter\/#breadcrumb","itemListElement":[{"@type":"ListItem","position":1,"name":"Hjem","item":"https:\/\/jatunbakken.no\/rekkehus\/"},{"@type":"ListItem","position":2,"name":"Dokumenter"}]},{"@type":"WebSite","@id":"https:\/\/jatunbakken.no\/rekkehus\/#website","url":"https:\/\/jatunbakken.no\/rekkehus\/","name":"J\u00e5tunbakken","description":"Rekkehus p\u00e5 J\u00e5tt\u00e5","publisher":{"@id":"https:\/\/jatunbakken.no\/rekkehus\/#organization"},"potentialAction":[{"@type":"SearchAction","target":{"@type":"EntryPoint","urlTemplate":"https:\/\/jatunbakken.no\/rekkehus\/?s={search_term_string}"},"query-input":{"@type":"PropertyValueSpecification","valueRequired":true,"valueName":"search_term_string"}}],"inLanguage":"nb-NO"},{"@type":"Organization","@id":"https:\/\/jatunbakken.no\/rekkehus\/#organization","name":"J\u00e5tunbakken","url":"https:\/\/jatunbakken.no\/rekkehus\/","logo":{"@type":"ImageObject","inLanguage":"nb-NO","@id":"https:\/\/jatunbakken.no\/rekkehus\/#\/schema\/logo\/image\/","url":"https:\/\/jatunbakken.no\/rekkehus\/wp-content\/uploads\/2024\/02\/logo-white.svg","contentUrl":"https:\/\/jatunbakken.no\/rekkehus\/wp-content\/uploads\/2024\/02\/logo-white.svg","width":1467,"height":837,"caption":"J\u00e5tunbakken"},"image":{"@id":"https:\/\/jatunbakken.no\/rekkehus\/#\/schema\/logo\/image\/"}}]}},"_links":{"self":[{"href":"https:\/\/jatunbakken.no\/rekkehus\/wp-json\/wp\/v2\/pages\/12","targetHints":{"allow":["GET"]}}],"collection":[{"href":"https:\/\/jatunbakken.no\/rekkehus\/wp-json\/wp\/v2\/pages"}],"about":[{"href":"https:\/\/jatunbakken.no\/rekkehus\/wp-json\/wp\/v2\/types\/page"}],"author":[{"embeddable":true,"href":"https:\/\/jatunbakken.no\/rekkehus\/wp-json\/wp\/v2\/users\/1"}],"replies":[{"embeddable":true,"href":"https:\/\/jatunbakken.no\/rekkehus\/wp-json\/wp\/v2\/comments?post=12"}],"version-history":[{"count":147,"href":"https:\/\/jatunbakken.no\/rekkehus\/wp-json\/wp\/v2\/pages\/12\/revisions"}],"predecessor-version":[{"id":6244,"href":"https:\/\/jatunbakken.no\/rekkehus\/wp-json\/wp\/v2\/pages\/12\/revisions\/6244"}],"wp:attachment":[{"href":"https:\/\/jatunbakken.no\/rekkehus\/wp-json\/wp\/v2\/media?parent=12"}],"curies":[{"name":"wp","href":"https:\/\/api.w.org\/{rel}","templated":true}]}}