{"id":1888,"date":"2021-10-01T12:38:13","date_gmt":"2021-10-01T10:38:13","guid":{"rendered":"https:\/\/ensigndev.no\/jatunbakken\/?page_id=542"},"modified":"2025-09-22T07:50:12","modified_gmt":"2025-09-22T05:50:12","slug":"ta-kontakt","status":"publish","type":"page","link":"https:\/\/jatunbakken.no\/rekkehus\/ta-kontakt\/","title":{"rendered":"Ta kontakt"},"content":{"rendered":"\n<div class=\"wp-block-group double-pad-up mb-0 pl-3 pr-3\"><div class=\"wp-block-group__inner-container is-layout-flow wp-block-group-is-layout-flow\">\n<h3 class=\"wp-block-heading has-text-align-center mb-0 text-uppercase mt-5 mt-t-5\">Ta kontakt hvis du har sp\u00f8rsm\u00e5l om J\u00e5tunbakken <br>eller trenger hjelp til \u00e5 finne ditt nye hjem.<\/h3>\n\n\n\n<div style=\"height:30px\" aria-hidden=\"true\" class=\"wp-block-spacer\"><\/div>\n\n\n\n<div class=\"wp-block-contact-form-7-contact-form-selector\">\n<div class=\"wpcf7 no-js\" id=\"wpcf7-f2163-o1\" lang=\"nb-NO\" dir=\"ltr\" data-wpcf7-id=\"2163\">\n<div class=\"screen-reader-response\"><p role=\"status\" aria-live=\"polite\" aria-atomic=\"true\"><\/p> <ul><\/ul><\/div>\n<form action=\"\/rekkehus\/wp-json\/wp\/v2\/pages\/1888#wpcf7-f2163-o1\" method=\"post\" class=\"wpcf7-form init wpcf7-acceptance-as-validation\" aria-label=\"Kontaktskjema\" novalidate=\"novalidate\" data-status=\"init\">\n<fieldset class=\"hidden-fields-container\"><input type=\"hidden\" name=\"_wpcf7\" value=\"2163\" \/><input type=\"hidden\" name=\"_wpcf7_version\" value=\"6.1.5\" \/><input type=\"hidden\" name=\"_wpcf7_locale\" value=\"nb_NO\" \/><input type=\"hidden\" name=\"_wpcf7_unit_tag\" value=\"wpcf7-f2163-o1\" \/><input type=\"hidden\" name=\"_wpcf7_container_post\" value=\"0\" \/><input type=\"hidden\" name=\"_wpcf7_posted_data_hash\" value=\"\" \/><input type=\"hidden\" name=\"_wpcf7_recaptcha_response\" value=\"\" \/>\n<\/fieldset>\n<div id=\"contactForm\" class=\"form-wrapper\">\n\t<div class=\"container\">\n\t\t<div class=\"form-row\">\n\t\t\t<div class=\"form-group col-sm-12 col-lg-6 no-pad no-margin\">\n\t\t\t\t<p><label><br \/>\n<span class=\"wpcf7-form-control-wrap\" data-name=\"FirstName\"><input size=\"40\" maxlength=\"400\" class=\"wpcf7-form-control wpcf7-text wpcf7-validates-as-required\" aria-required=\"true\" aria-invalid=\"false\" placeholder=\"Fornavn\" value=\"\" type=\"text\" name=\"FirstName\" \/><\/span><\/label>\n\t\t\t\t<\/p>\n\t\t\t<\/div>\n\t\t\t<div class=\"form-group col-sm-12 col-lg-6 no-pad no-margin\">\n\t\t\t\t<p><label><br \/>\n<span class=\"wpcf7-form-control-wrap\" data-name=\"LastName\"><input size=\"40\" maxlength=\"400\" class=\"wpcf7-form-control wpcf7-text\" aria-invalid=\"false\" placeholder=\"Etternavn\" value=\"\" type=\"text\" name=\"LastName\" \/><\/span><\/label>\n\t\t\t\t<\/p>\n\t\t\t<\/div>\n\t\t\t<div class=\"form-group col-sm-12 col-lg-6 no-pad no-margin\">\n\t\t\t\t<p><label><br \/>\n<span class=\"wpcf7-form-control-wrap\" data-name=\"email\"><input size=\"40\" maxlength=\"400\" class=\"wpcf7-form-control wpcf7-email wpcf7-validates-as-required wpcf7-text wpcf7-validates-as-email\" aria-required=\"true\" aria-invalid=\"false\" placeholder=\"E-post\" value=\"\" type=\"email\" name=\"email\" \/><\/span> <\/label>\n\t\t\t\t<\/p>\n\t\t\t<\/div>\n\t\t\t<div class=\"form-group col-sm-12 col-lg-6 no-pad no-margin\">\n\t\t\t\t<p><label><br \/>\n<span class=\"wpcf7-form-control-wrap\" data-name=\"MobileNumber\"><input size=\"40\" maxlength=\"400\" class=\"wpcf7-form-control wpcf7-tel wpcf7-validates-as-required wpcf7-text wpcf7-validates-as-tel\" aria-required=\"true\" aria-invalid=\"false\" placeholder=\"Telefon\" value=\"\" type=\"tel\" name=\"MobileNumber\" \/><\/span> <\/label>\n\t\t\t\t<\/p>\n\t\t\t<\/div>\n\t\t<\/div>\n\t\t<div class=\"form-row\">\n\t\t\t<div class=\"form-group col-md-12\">\n\t\t\t\t<p class=\"terms\"> Jeg godkjenner \u00e5 bli kontaktet p\u00e5 f\u00f8lgende vis:\n\t\t\t\t<\/p>\n\t\t\t<\/div>\n\t\t\t<div class=\"form-group col-sm-12 mb-0\">\n\t\t\t\t<p class=\"mb-0\"><span class=\"wpcf7-form-control-wrap\" data-name=\"EpostNyhetsbrev\"><span class=\"wpcf7-form-control wpcf7-acceptance\"><span class=\"wpcf7-list-item\"><label><input type=\"checkbox\" name=\"EpostNyhetsbrev\" value=\"1\" aria-invalid=\"false\" \/><span class=\"wpcf7-list-item-label\">E-post\/Nyhetsbrev, Telefon og SMS<\/span><\/label><\/span><\/span><\/span>\n\t\t\t\t<\/p>\n\t\t\t<\/div>\n\t\t\t<div class=\"form-group col-md-12\">\n\t\t\t\t<p class=\"second-terms\"><br \/>\n<span class=\"wpcf7-form-control-wrap\" data-name=\"acceptance-428\"><span class=\"wpcf7-form-control wpcf7-acceptance\"><span class=\"wpcf7-list-item\"><label><input type=\"checkbox\" name=\"acceptance-428\" value=\"1\" aria-invalid=\"false\" \/><span class=\"wpcf7-list-item-label\">Jeg godkjenner at J\u00e5tunbakken AS lagrer min kontaktinformasjon og behandler denne som beskrevet i <a href=\"\/personvern\/\" target=\"_Blank\"> personvernerkl\u00e6ringen. <\/a><\/span><\/label><\/span><\/span><\/span>\n\t\t\t\t<\/p>\n\t\t\t<\/div>\n\t\t<\/div>\n\t\t<div class=\"form-row\">\n\t\t\t<div class=\"form-group col-md-12\">\n\t\t\t\t<p><input class=\"wpcf7-form-control wpcf7-submit has-spinner btn btn-submit\" type=\"submit\" value=\"REGISTRER DEG\" \/>\n\t\t\t\t<\/p>\n\t\t\t<\/div>\n\t\t<\/div>\n\t<\/div>\n<\/div><div class=\"wpcf7-response-output\" aria-hidden=\"true\"><\/div>\n<\/form>\n<\/div>\n<\/div>\n<\/div><\/div>\n\n\n\n<div class=\"wp-block-group container\"><div class=\"wp-block-group__inner-container is-layout-flow wp-block-group-is-layout-flow\">\n<div class=\"wp-block-columns is-layout-flex wp-container-core-columns-is-layout-9d6595d7 wp-block-columns-is-layout-flex\">\n<div class=\"wp-block-column is-layout-flow wp-block-column-is-layout-flow\">\n<figure class=\"wp-block-image size-large\"><img loading=\"lazy\" decoding=\"async\" width=\"723\" height=\"723\" src=\"https:\/\/jatunbakken.no\/rekkehus\/wp-content\/uploads\/2025\/09\/jt-1-edited.jpg\" alt=\"Jeanette T\" class=\"wp-image-6148\" srcset=\"https:\/\/jatunbakken.no\/rekkehus\/wp-content\/uploads\/2025\/09\/jt-1-edited.jpg 723w, https:\/\/jatunbakken.no\/rekkehus\/wp-content\/uploads\/2025\/09\/jt-1-edited-300x300.jpg 300w, https:\/\/jatunbakken.no\/rekkehus\/wp-content\/uploads\/2025\/09\/jt-1-edited-150x150.jpg 150w\" sizes=\"auto, (max-width: 723px) 100vw, 723px\" \/><\/figure>\n\n\n\n<div style=\"height:30px\" aria-hidden=\"true\" class=\"wp-block-spacer\"><\/div>\n\n\n\n<p><strong>Jeanette Tunge<\/strong><br>Salgsleder prosjekt<br><a href=\"tel:+4799297670\">992 97 670<\/a><br><a href=\"mailto:jt@basebolig.no\">jt@basebolig.no<\/a><\/p>\n<\/div>\n<\/div>\n<\/div><\/div>\n\n\n\n<div class=\"wp-block-group container\"><div class=\"wp-block-group__inner-container is-layout-flow wp-block-group-is-layout-flow\">\n<section class=\"pad-up pad-down\">\n\t<div class=\"row no-gutters align-items-center\">\n\t\t<div class=\"col-sm-6\">\n\t\t\t<img decoding=\"async\" src=\"https:\/\/jatunbakken.no\/rekkehus\/wp-content\/uploads\/2024\/02\/eirik.jpg\" class=\"img-fluid\" alt=\"\">\n\t\t<\/div>\n\t\t<div class=\"col-sm-6\">\n\t\t  <div class=\"future-home-content\">\n            <h3 class=\"text-uppercase m-mt-2\">Verdivurdering<\/h3>\n<p>Vurderer du \u00e5 selge bolig for \u00e5 kj\u00f8pe i J\u00e5tunbakken?<br \/>\nTa kontakt for en verdivurdering av din bolig.<\/p>\n<p><strong>Eirik Hanekamhaug<\/strong><br \/>\n<a class=\"d-inline-block\" href=\"tel:+4797569192\">975 69 192<\/a><br \/>\n<a class=\"d-inline-block\" href=\"mailto:eirik.hanekamhaug@em1sr.no\">eirik.hanekamhaug@em1sr.no<\/a><\/p>\n<p><img loading=\"lazy\" decoding=\"async\" class=\"alignnone wp-image-5090\" role=\"img\" src=\"https:\/\/jatunbakken.no\/rekkehus\/wp-content\/uploads\/2024\/02\/rgb_EiendomsMegler1_pos-1.svg\" alt=\"\" width=\"213\" height=\"37\" \/><\/p>\n<p>&nbsp;<\/p>\n\t\t\t\t\t  <\/div>\t\n\t\t<\/div>\n\t<\/div>\n<\/section><\/div><\/div>\n\n\n\n<div class=\"wp-block-group\"><div class=\"wp-block-group__inner-container is-layout-flow wp-block-group-is-layout-flow\">\n<section>\n\t<div class=\"container\">\n\t\t<div class=\"row\">\n\t\t\t<div class=\"col-sm-10 mx-auto\">\n\t\t\t\t<div class=\"home-exec-summary\">\n\t\t\t\t\t<p><h3 class=\"m-mt-2 style=\">Finansiering<\/h3>\n<p style=\"text-align: center;\">Ta gjerne kontakt med en av finansr\u00e5dgiverne i SpareBank1 SR-Bank hvis du \u00f8nsker gode r\u00e5d og oversikt i forbindelse med leilighetskj\u00f8p.<\/p>\n<\/p>\n\t\t\t\t<\/div>\n\t\t\t<\/div>\n\t\t<\/div>\n\t<\/div>\n<\/section>\n\n\n<div class=\"wp-block-group\"><div class=\"wp-block-group__inner-container is-layout-flow wp-block-group-is-layout-flow\">\n<section class=\"pad-down\">\n\t<div class=\"container\">\n\t\t<div class=\"row justify-content-center\">\n\t\t\t<div class=\"col-sm-4\">\n\t\t\t\t<p style=\"text-align: center;\">Geir Ove Larsen<br \/>\n<a href=\"tel:+4791502002\">915 02002<\/a><br \/>\n<a href=\"mailto:Geir.Ove.Larsen@sr-bank.no\">Geir.Ove.Larsen@sr-bank.no<\/a><\/p>\n\t\t\t<\/div>\n\t\t\t<div class=\"col-sm-4\">\n\t\t\t <p style=\"text-align: center;\">Steffen Wiik Espedal<br \/>\n<a href=\"tel:+4791502002\">915 02002<\/a><br \/>\n<a href=\"mailto:steffen.wiik.espedal@sr-bank.no\">steffen.wiik.espedal@sr-bank.no<\/a><\/p>\n\t\t\t<\/div>\n\t\t\t<div class=\"col-sm-4\">\n\t\t\t <p class=\"text-center\"><img loading=\"lazy\" decoding=\"async\" class=\"alignnone  wp-image-5091 aligncenter\" role=\"img\" src=\"https:\/\/jatunbakken.no\/rekkehus\/wp-content\/uploads\/2024\/02\/sparebank-1.svg\" alt=\"\" width=\"175\" height=\"49\" \/><\/p>\n\t\t\t<\/div>\n\t\t<\/div>\n\t<\/div>\n<\/section><\/div><\/div>\n<\/div><\/div>\n","protected":false},"excerpt":{"rendered":"<p>Ta kontakt hvis du har sp\u00f8rsm\u00e5l om J\u00e5tunbakken eller trenger hjelp til \u00e5 finne ditt nye hjem. Jeanette TungeSalgsleder prosjekt992 97 670jt@basebolig.no<\/p>\n","protected":false},"author":1,"featured_media":0,"parent":0,"menu_order":0,"comment_status":"closed","ping_status":"closed","template":"","meta":{"_eb_attr":"","footnotes":""},"class_list":["post-1888","page","type-page","status-publish","hentry"],"acf":[],"yoast_head":"<!-- This site is optimized with the Yoast SEO plugin v27.4 - https:\/\/yoast.com\/product\/yoast-seo-wordpress\/ -->\n<title>Ta kontakt - J\u00e5tunbakken<\/title>\n<meta name=\"robots\" content=\"index, follow, max-snippet:-1, max-image-preview:large, max-video-preview:-1\" \/>\n<link rel=\"canonical\" href=\"https:\/\/jatunbakken.no\/rekkehus\/ta-kontakt\/\" \/>\n<meta property=\"og:locale\" content=\"nb_NO\" \/>\n<meta property=\"og:type\" content=\"article\" \/>\n<meta property=\"og:title\" content=\"Ta kontakt - J\u00e5tunbakken\" \/>\n<meta property=\"og:description\" content=\"Ta kontakt hvis du har sp\u00f8rsm\u00e5l om J\u00e5tunbakken eller trenger hjelp til \u00e5 finne ditt nye hjem. Jeanette TungeSalgsleder prosjekt992 97 670jt@basebolig.no\" \/>\n<meta property=\"og:url\" content=\"https:\/\/jatunbakken.no\/rekkehus\/ta-kontakt\/\" \/>\n<meta property=\"og:site_name\" content=\"J\u00e5tunbakken\" \/>\n<meta property=\"article:modified_time\" content=\"2025-09-22T05:50:12+00:00\" \/>\n<meta property=\"og:image\" content=\"https:\/\/jatunbakken.no\/rekkehus\/wp-content\/uploads\/2025\/09\/jt-1-edited.jpg\" \/>\n\t<meta property=\"og:image:width\" content=\"723\" \/>\n\t<meta property=\"og:image:height\" content=\"723\" \/>\n\t<meta property=\"og:image:type\" content=\"image\/jpeg\" \/>\n<meta name=\"twitter:card\" content=\"summary_large_image\" \/>\n<meta name=\"twitter:label1\" content=\"Ansl. lesetid\" \/>\n\t<meta name=\"twitter:data1\" content=\"1 minutt\" \/>\n<script type=\"application\/ld+json\" class=\"yoast-schema-graph\">{\"@context\":\"https:\\\/\\\/schema.org\",\"@graph\":[{\"@type\":\"WebPage\",\"@id\":\"https:\\\/\\\/jatunbakken.no\\\/rekkehus\\\/ta-kontakt\\\/\",\"url\":\"https:\\\/\\\/jatunbakken.no\\\/rekkehus\\\/ta-kontakt\\\/\",\"name\":\"Ta kontakt - J\u00e5tunbakken\",\"isPartOf\":{\"@id\":\"https:\\\/\\\/jatunbakken.no\\\/rekkehus\\\/#website\"},\"primaryImageOfPage\":{\"@id\":\"https:\\\/\\\/jatunbakken.no\\\/rekkehus\\\/ta-kontakt\\\/#primaryimage\"},\"image\":{\"@id\":\"https:\\\/\\\/jatunbakken.no\\\/rekkehus\\\/ta-kontakt\\\/#primaryimage\"},\"thumbnailUrl\":\"https:\\\/\\\/jatunbakken.no\\\/rekkehus\\\/wp-content\\\/uploads\\\/2025\\\/09\\\/jt-1-edited.jpg\",\"datePublished\":\"2021-10-01T10:38:13+00:00\",\"dateModified\":\"2025-09-22T05:50:12+00:00\",\"breadcrumb\":{\"@id\":\"https:\\\/\\\/jatunbakken.no\\\/rekkehus\\\/ta-kontakt\\\/#breadcrumb\"},\"inLanguage\":\"nb-NO\",\"potentialAction\":[{\"@type\":\"ReadAction\",\"target\":[\"https:\\\/\\\/jatunbakken.no\\\/rekkehus\\\/ta-kontakt\\\/\"]}]},{\"@type\":\"ImageObject\",\"inLanguage\":\"nb-NO\",\"@id\":\"https:\\\/\\\/jatunbakken.no\\\/rekkehus\\\/ta-kontakt\\\/#primaryimage\",\"url\":\"https:\\\/\\\/jatunbakken.no\\\/rekkehus\\\/wp-content\\\/uploads\\\/2025\\\/09\\\/jt-1-edited.jpg\",\"contentUrl\":\"https:\\\/\\\/jatunbakken.no\\\/rekkehus\\\/wp-content\\\/uploads\\\/2025\\\/09\\\/jt-1-edited.jpg\",\"width\":723,\"height\":723,\"caption\":\"Jeanette T\"},{\"@type\":\"BreadcrumbList\",\"@id\":\"https:\\\/\\\/jatunbakken.no\\\/rekkehus\\\/ta-kontakt\\\/#breadcrumb\",\"itemListElement\":[{\"@type\":\"ListItem\",\"position\":1,\"name\":\"Hjem\",\"item\":\"https:\\\/\\\/jatunbakken.no\\\/rekkehus\\\/\"},{\"@type\":\"ListItem\",\"position\":2,\"name\":\"Ta kontakt\"}]},{\"@type\":\"WebSite\",\"@id\":\"https:\\\/\\\/jatunbakken.no\\\/rekkehus\\\/#website\",\"url\":\"https:\\\/\\\/jatunbakken.no\\\/rekkehus\\\/\",\"name\":\"J\u00e5tunbakken\",\"description\":\"Rekkehus p\u00e5 J\u00e5tt\u00e5\",\"publisher\":{\"@id\":\"https:\\\/\\\/jatunbakken.no\\\/rekkehus\\\/#organization\"},\"potentialAction\":[{\"@type\":\"SearchAction\",\"target\":{\"@type\":\"EntryPoint\",\"urlTemplate\":\"https:\\\/\\\/jatunbakken.no\\\/rekkehus\\\/?s={search_term_string}\"},\"query-input\":{\"@type\":\"PropertyValueSpecification\",\"valueRequired\":true,\"valueName\":\"search_term_string\"}}],\"inLanguage\":\"nb-NO\"},{\"@type\":\"Organization\",\"@id\":\"https:\\\/\\\/jatunbakken.no\\\/rekkehus\\\/#organization\",\"name\":\"J\u00e5tunbakken\",\"url\":\"https:\\\/\\\/jatunbakken.no\\\/rekkehus\\\/\",\"logo\":{\"@type\":\"ImageObject\",\"inLanguage\":\"nb-NO\",\"@id\":\"https:\\\/\\\/jatunbakken.no\\\/rekkehus\\\/#\\\/schema\\\/logo\\\/image\\\/\",\"url\":\"https:\\\/\\\/jatunbakken.no\\\/rekkehus\\\/wp-content\\\/uploads\\\/2024\\\/02\\\/logo-white.svg\",\"contentUrl\":\"https:\\\/\\\/jatunbakken.no\\\/rekkehus\\\/wp-content\\\/uploads\\\/2024\\\/02\\\/logo-white.svg\",\"width\":1467,\"height\":837,\"caption\":\"J\u00e5tunbakken\"},\"image\":{\"@id\":\"https:\\\/\\\/jatunbakken.no\\\/rekkehus\\\/#\\\/schema\\\/logo\\\/image\\\/\"}}]}<\/script>\n<!-- \/ Yoast SEO plugin. -->","yoast_head_json":{"title":"Ta kontakt - J\u00e5tunbakken","robots":{"index":"index","follow":"follow","max-snippet":"max-snippet:-1","max-image-preview":"max-image-preview:large","max-video-preview":"max-video-preview:-1"},"canonical":"https:\/\/jatunbakken.no\/rekkehus\/ta-kontakt\/","og_locale":"nb_NO","og_type":"article","og_title":"Ta kontakt - J\u00e5tunbakken","og_description":"Ta kontakt hvis du har sp\u00f8rsm\u00e5l om J\u00e5tunbakken eller trenger hjelp til \u00e5 finne ditt nye hjem. Jeanette TungeSalgsleder prosjekt992 97 670jt@basebolig.no","og_url":"https:\/\/jatunbakken.no\/rekkehus\/ta-kontakt\/","og_site_name":"J\u00e5tunbakken","article_modified_time":"2025-09-22T05:50:12+00:00","og_image":[{"width":723,"height":723,"url":"https:\/\/jatunbakken.no\/rekkehus\/wp-content\/uploads\/2025\/09\/jt-1-edited.jpg","type":"image\/jpeg"}],"twitter_card":"summary_large_image","twitter_misc":{"Ansl. lesetid":"1 minutt"},"schema":{"@context":"https:\/\/schema.org","@graph":[{"@type":"WebPage","@id":"https:\/\/jatunbakken.no\/rekkehus\/ta-kontakt\/","url":"https:\/\/jatunbakken.no\/rekkehus\/ta-kontakt\/","name":"Ta kontakt - J\u00e5tunbakken","isPartOf":{"@id":"https:\/\/jatunbakken.no\/rekkehus\/#website"},"primaryImageOfPage":{"@id":"https:\/\/jatunbakken.no\/rekkehus\/ta-kontakt\/#primaryimage"},"image":{"@id":"https:\/\/jatunbakken.no\/rekkehus\/ta-kontakt\/#primaryimage"},"thumbnailUrl":"https:\/\/jatunbakken.no\/rekkehus\/wp-content\/uploads\/2025\/09\/jt-1-edited.jpg","datePublished":"2021-10-01T10:38:13+00:00","dateModified":"2025-09-22T05:50:12+00:00","breadcrumb":{"@id":"https:\/\/jatunbakken.no\/rekkehus\/ta-kontakt\/#breadcrumb"},"inLanguage":"nb-NO","potentialAction":[{"@type":"ReadAction","target":["https:\/\/jatunbakken.no\/rekkehus\/ta-kontakt\/"]}]},{"@type":"ImageObject","inLanguage":"nb-NO","@id":"https:\/\/jatunbakken.no\/rekkehus\/ta-kontakt\/#primaryimage","url":"https:\/\/jatunbakken.no\/rekkehus\/wp-content\/uploads\/2025\/09\/jt-1-edited.jpg","contentUrl":"https:\/\/jatunbakken.no\/rekkehus\/wp-content\/uploads\/2025\/09\/jt-1-edited.jpg","width":723,"height":723,"caption":"Jeanette T"},{"@type":"BreadcrumbList","@id":"https:\/\/jatunbakken.no\/rekkehus\/ta-kontakt\/#breadcrumb","itemListElement":[{"@type":"ListItem","position":1,"name":"Hjem","item":"https:\/\/jatunbakken.no\/rekkehus\/"},{"@type":"ListItem","position":2,"name":"Ta kontakt"}]},{"@type":"WebSite","@id":"https:\/\/jatunbakken.no\/rekkehus\/#website","url":"https:\/\/jatunbakken.no\/rekkehus\/","name":"J\u00e5tunbakken","description":"Rekkehus p\u00e5 J\u00e5tt\u00e5","publisher":{"@id":"https:\/\/jatunbakken.no\/rekkehus\/#organization"},"potentialAction":[{"@type":"SearchAction","target":{"@type":"EntryPoint","urlTemplate":"https:\/\/jatunbakken.no\/rekkehus\/?s={search_term_string}"},"query-input":{"@type":"PropertyValueSpecification","valueRequired":true,"valueName":"search_term_string"}}],"inLanguage":"nb-NO"},{"@type":"Organization","@id":"https:\/\/jatunbakken.no\/rekkehus\/#organization","name":"J\u00e5tunbakken","url":"https:\/\/jatunbakken.no\/rekkehus\/","logo":{"@type":"ImageObject","inLanguage":"nb-NO","@id":"https:\/\/jatunbakken.no\/rekkehus\/#\/schema\/logo\/image\/","url":"https:\/\/jatunbakken.no\/rekkehus\/wp-content\/uploads\/2024\/02\/logo-white.svg","contentUrl":"https:\/\/jatunbakken.no\/rekkehus\/wp-content\/uploads\/2024\/02\/logo-white.svg","width":1467,"height":837,"caption":"J\u00e5tunbakken"},"image":{"@id":"https:\/\/jatunbakken.no\/rekkehus\/#\/schema\/logo\/image\/"}}]}},"_links":{"self":[{"href":"https:\/\/jatunbakken.no\/rekkehus\/wp-json\/wp\/v2\/pages\/1888","targetHints":{"allow":["GET"]}}],"collection":[{"href":"https:\/\/jatunbakken.no\/rekkehus\/wp-json\/wp\/v2\/pages"}],"about":[{"href":"https:\/\/jatunbakken.no\/rekkehus\/wp-json\/wp\/v2\/types\/page"}],"author":[{"embeddable":true,"href":"https:\/\/jatunbakken.no\/rekkehus\/wp-json\/wp\/v2\/users\/1"}],"replies":[{"embeddable":true,"href":"https:\/\/jatunbakken.no\/rekkehus\/wp-json\/wp\/v2\/comments?post=1888"}],"version-history":[{"count":44,"href":"https:\/\/jatunbakken.no\/rekkehus\/wp-json\/wp\/v2\/pages\/1888\/revisions"}],"predecessor-version":[{"id":6161,"href":"https:\/\/jatunbakken.no\/rekkehus\/wp-json\/wp\/v2\/pages\/1888\/revisions\/6161"}],"wp:attachment":[{"href":"https:\/\/jatunbakken.no\/rekkehus\/wp-json\/wp\/v2\/media?parent=1888"}],"curies":[{"name":"wp","href":"https:\/\/api.w.org\/{rel}","templated":true}]}}